the remainder when 216065 is divided by 72020.
5
Calculate the remainder when 4676 is divided by 4548.
128
What is the remainder when 332465 is divided by 198?
23
What is the remainder when 318 is divided by 55?
43
What is the remainder when 7089 is divided by 3531?
27
Calculate the remainder when 858322 is divided by 25.
22
What is the remainder when 2488 is divided by 97?
63
What is the remainder when 58797 is divided by 44?
13
Calculate the remainder when 28154 is divided by 599.
1
Calculate the remainder when 215550 is divided by 581.
580
What is the remainder when 2942 is divided by 773?
623
What is the remainder when 223896 is divided by 55968?
24
What is the remainder when 182 is divided by 56?
14
What is the remainder when 8070 is divided by 117?
114
What is the remainder when 509 is divided by 250?
9
Calculate the remainder when 67019 is divided by 10.
9
What is the remainder when 54922 is divided by 59?
52
What is the remainder when 6047 is divided by 403?
2
Calculate the remainder when 3150839 is divided by 248.
247
Calculate the remainder when 62313 is divided by 22.
9
What is the remainder when 243368 is divided by 375?
368
What is the remainder when 61079 is divided by 49?
25
What is the remainder when 298808 is divided by 7?
6
What is the remainder when 20197 is divided by 396?
1
What is the remainder when 30875 is divided by 506?
9
What is the remainder when 10163 is divided by 91?
62
Calculate the remainder when 57905 is divided by 402.
17
Calculate the remainder when 16999 is divided by 340.
339
What is the remainder when 57028 is divided by 85?
78
What is the remainder when 7962 is divided by 1017?
843
What is the remainder when 12984 is divided by 58?
50
Calculate the remainder when 278 is divided by 34.
6
What is the remainder when 219931 is divided by 348?
343
What is the remainder when 7122 is divided by 137?
135
Calculate the remainder when 5883 is divided by 1442.
115
Calculate the remainder when 12536 is divided by 4108.
212
What is the remainder when 62455 is divided by 383?
26
Calculate the remainder when 41184 is divided by 19.
11
What is the remainder when 1303 is divided by 679?
624
What is the remainder when 163641 is divided by 20455?
1
What is the remainder when 118731 is divided by 231?
228
What is the remainder when 2219 is divided by 171?
167
Calculate the remainder when 217004 is divided by 255.
254
Calculate the remainder when 9503 is divided by 1053.
26
Calculate the remainder when 18194 is divided by 1402.
1370
What is the remainder when 28591 is divided by 422?
317
What is the remainder when 90139 is divided by 172?
11
Calculate the remainder when 7119 is divided by 310.
299
Calculate the remainder when 5418 is divided by 1236.
474
Calculate the remainder when 1942839 is divided by 10.
9
Calculate the remainder when 5207 is divided by 5.
2
What is the remainder when 643639 is divided by 53636?
7
What is the remainder when 2526 is divided by 252?
6
What is the remainder when 47893 is divided by 48?
37
What is the remainder when 12442 is divided by 323?
168
Calculate the remainder when 134556 is divided by 33638.
4
What is the remainder when 9631 is divided by 241?
232
Calculate the remainder when 241231 is divided by 120598.
35
Calculate the remainder when 1167 is divided by 552.
63
Calculate the remainder when 3552 is divided by 3244.
308
Calculate the remainder when 3423 is divided by 1227.
969
What is the remainder when 6514 is divided by 1294?
44
Calculate the remainder when 18471 is divided by 27.
3
Calculate the remainder when 188850 is divided by 17.
14
What is the remainder when 26425 is divided by 267?
259
What is the remainder when 601938 is divided by 19?
18
Calculate the remainder when 916985 is divided by 21.
20
What is the remainder when 397316 is divided by 1534?
10
Calculate the remainder when 3060 is divided by 132.
24
Calculate the remainder when 12191 is divided by 126.
95
What is the remainder when 15864 is divided by 1272?
600
Calculate the remainder when 268132 is divided by 912.
4
Calculate the remainder when 666723 is divided by 159.
36
Calculate the remainder when 561 is divided by 67.
25
Calculate the remainder when 290776 is divided by 57.
19
Calculate the remainder when 294712 is divided by 36836.
24
What is the remainder when 10435 is divided by 11?
7
What is the remainder when 6038 is divided by 378?
368
Calculate the remainder when 15383 is divided by 190.
183
What is the remainder when 21096 is divided by 100?
96
What is the remainder when 6389 is divided by 6388?
1
Calculate the remainder when 15619 is divided by 9.
4
Calculate the remainder when 18276 is divided by 523.
494
Calculate the remainder when 750 is divided by 353.
44
Calculate the remainder when 31560 is divided by 167.
164
Calculate the remainder when 13939 is divided by 323.
50
What is the remainder when 138451 is divided by 148?
71
What is the remainder when 141 is divided by 47?
0
Calculate the remainder when 7391 is divided by 504.
335
Calculate the remainder when 334114 is divided by 6682.
14
Calculate the remainder when 1451031 is divided by 397.
393
What is the remainder when 9034 is divided by 2258?
2
What is the remainder when 14132 is divided by 67?
62
Calculate the remainder when 14801 is divided by 14577.
224
Calculate the remainder when 202682 is divided by 50666.
18
What is the remainder when 321 is divided by 298?
23
What is the remainder when 314840 is divided by 340?
0
What is the remainder when 6178 is divided by 514?
10
What is the remainder when 151215 is divided by 140?
15
What is the remainder when 2927 is divided by 2828?
99
What is the remainder when 1154639 is divided by 1360?
1359
What is the remainder when 27963 is divided by 507?
78
What is the remainder when 2086 is divided by 466?
222
What is the remainder when 708810 is divided by 517?
3
Calculate the remainder when 2203 is divided by 1007.
189
What is the remainder when 4677 is divided by 2298?
81
Calculate the remainder when 71296 is divided by 100.
96
Calculate the remainder when 35064 is divided by 4.
0
Calculate the remainder when 74025 is divided by 638.
17
What is the remainder when 1934 is divided by 471?
50
What is the remainder when 2802 is divided by 1392?
18
What is the remainder when 21259 is divided by 3033?
28
Calculate the remainder when 1248537 is divided by 15.
12
Calculate the remainder when 19499 is divided by 671.
40
Calculate the remainder when 2513 is divided by 77.
49
Calculate the remainder when 159894 is divided by 42.
0
Calculate the remainder when 150492 is divided by 32.
28
Calculate the remainder when 651204 is divided by 8243.
7
What is the remainder when 311854 is divided by 11?
4
Calculate the remainder when 585 is divided by 437.
148
What is the remainder when 13028 is divided by 4284?
176
What is the remainder when 3781 is divided by 1591?
599
What is the remainder when 30990 is divided by 474?
180
Calculate the remainder when 15365 is divided by 116.
53
What is the remainder when 11318 is divided by 122?
94
What is the remainder when 722 is divided by 12?
2
What is the remainder when 523 is divided by 55?
28
Calculate the remainder when 2414 is divided by 2410.
4
What is the remainder when 1252 is divided by 620?
12
What is the remainder when 225644 is divided by 11?
1
What is the remainder when 391 is divided by 9?
4
Calculate the remainder when 789 is divided by 247.
48
What is the remainder when 89236 is divided by 278?
276
Calculate the remainder when 144614 is divided by 48193.
35
What is the remainder when 9124 is divided by 374?
148
Calculate the remainder when 60496 is divided by 338.
332
What is the remainder when 14484 is divided by 94?
8
What is the remainder when 85390 is divided by 54?
16
Calculate the remainder when 1607 is divided by 1214.
393
Calculate the remainder when 12512 is divided by 5846.
820
What is the remainder when 6815 is divided by 476?
151
Calculate the remainder when 10714 is divided by 1068.
34
What is the remainder when 5588 is divided by 1233?
656
What is the remainder when 86287 is divided by 227?
27
Calculate the remainder when 413 is divided by 100.
13
Calculate the remainder when 27409 is divided by 90.
49
Calculate the remainder when 45492 is divid